101010110100001001000?
-111001101010110100001001000
In base 2, what is 1111 - -101001110001001001?
101001110001011000
In base 13, what is -82 + 3c1?
33c
In base 8, what is -153752 - 31?
-154003
In base 2, what is 101 - 101111011010101110110?
-101111011010101110001
In base 7, what is -2453510 - 2?
-2453512
In base 5, what is 331201 + -14411?
311240
In base 7, what is 245 + -1465252?
-1465004
In base 3, what is -1011000112020202 + 0?
-1011000112020202
In base 8, what is -10425105 + 25?
-10425060
In base 10, what is 38 + -176036?
-175998
In base 15, what is -3277d80 - -2?
-3277d7d
In base 2, what is -1010100100011111 + 111000111?
-1010011101011000
In base 9, what is -21385 - -100?
-21285
In base 8, what is -7 - 175667020?
-175667027
In base 7, what is -106050 - -4615?
-101132
In base 4, what is -31103312 + -20310?
-31130222
In base 6, what is -133 - 240400213?
-240400350
In base 10, what is -68539139 - 2?
-68539141
In base 14, what is 149330c6 - 4?
149330c2
In base 15, what is 30a0dc - 61?
30a07b
In base 6, what is -25 - 54503210?
-54503235
In base 11, what is 1506a8 + -170?
150538
In base 16, what is -139b3 + 2d7f?
-10c34
In base 5, what is 104 + 1133344024?
1133344133
In base 12, what is 158b78 - 13?
158b65
In base 7, what is -4406 + -20235?
-24644
In base 4, what is -131032 - -1122320?
331222
In base 2, what is -10000011101110101 - 1110110?
-10000011111101011
In base 3, what is 1000021 - -100220200121?
100221200212
In base 6, what is 54051 + -334014?
-235523
In base 7, what is 10 - -1030161?
1030201
In base 12, what is -37595 - 1208?
-387a1
In base 9, what is 2 + -2261303?
-2261301
In base 6, what is 25 + 2122553142?
2122553211
In base 13, what is a672 + -8ac?
9a93
In base 12, what is -4142b29b - -12?
-4142b289
In base 2, what is -10100111 + -1101010101001001000?
-1101010101011101111
In base 8, what is -22 - -622000221?
622000177
In base 16, what is 2 + 54dd4f?
54dd51
In base 7, what is -11 - -33356016?
33356005
In base 4, what is -2212 - 112103331231?
-112110000103
In base 3, what is -112222000 + 11212211?
-101002012
In base 3, what is -100021101201 - 102111?
-100021211012
In base 6, what is -213013143 + -23?
-213013210
In base 10, what is 13 + -465349?
-465336
In base 16, what is 1fda84d + 2?
1fda84f
In base 2, what is -11 + -1000101110010100010001?
-1000101110010100010100
In base 14, what is -9 - -16155054?
16155049
In base 2, what is -100000111 - 10000101010100?
-10001001011011
In base 11, what is 2145 + -5047?
-2a02
In base 16, what is 3 - -629ea9a?
629ea9d
In base 10, what is -13 - 10750630?
-10750643
In base 15, what is 57 - 1c1d7?
-1c180
In base 4, what is 22213 - -123332?
212211
In base 12, what is 2a0740306 - -5?
2a074030b
In base 6, what is 21315144200 + 0?
21315144200
In base 6, what is -343452 + 3355?
-340053
In base 5, what is 3402 - 1233110?
-1224203
In base 3, what is 211120 - 2000212000212?
-2000211012022
In base 3, what is 11121111100112 + -11?
11121111100101
In base 7, what is 11233 + 516003?
530236
In base 14, what is -3 + -316112b?
-3161130
In base 13, what is 3 - -197aa5b7?
197aa5ba
In base 6, what is -11501 - 4431?
-20332
In base 12, what is 45 + 585664?
5856a9
In base 15, what is 5ca + ab003?
ab5cd
In base 16, what is 16 + -25d9cd?
-25d9b7
In base 16, what is 1ce8b5 - -4?
1ce8b9
In base 2, what is 1101101001 - 11100110110101?
-11011001001100
In base 11, what is 327054 + 0?
327054
In base 7, what is 6131414 - -1600?
6133314
In base 14, what is 2 - -16006041?
16006043
In base 10, what is 43529 - -5030?
48559
In base 3, what is 221 - -20211122000212?
20211122001210
In base 4, what is -22022210 - 2013?
-22030223
In base 12, what is -2 - 45a77962?
-45a77964
In base 6, what is 14231123434 - 1?
14231123433
In base 14, what is 3 - 65854a?
-658547
In base 11, what is -2892656 + -4?
-289265a
In base 15, what is 4 + a7a2193?
a7a2197
In base 8, what is -1315355064 + -11?
-1315355075
In base 16, what is -166cc884 + -1?
-166cc885
In base 3, what is 10 + 12000121120201021?
12000121120201101
In base 4, what is -11 + -233203202130?
-233203202201
In base 11, what is 1 + 2445856a?
24458570
In base 16, what is -2ddb + -825?
-3600
In base 9, what is 120 - -60151?
60271
In base 13, what is -1486c - -577?
-142c5
In base 15, what is 41a13 - -53e?
42052
In base 13, what is -ac6c5b - 7?
-ac6c65
In base 6, what is -134302 + -15505?
-154211
In base 9, what is -25 - 13776711?
-13776736
In base 13, what is 64b0054 - 4?
64b0050
In base 3, what is 2 + 111200100202121221?
111200100202122000
In base 16, what is -295 + -1057?
-12ec
In base 8, what is -1200 + 153110?
151710
In base 2, what is -1101000101 + 10011010111100?
10001101110111
In base 15, what is 575b - b?
5750
In base 3, what is 22 + -1102010122121202?
-1102010122121110
In base 3, what is 10211001210021 - -11?
10211001210102
In base 9, what is 45 + 217853?
218008
In base 13, what is b - -183951?
18395c
In base 5, what is 304312200 - -101?
304312301
In base 13, what is 1 - 1275a191?
-1275a190
In base 11, what is 220 - 171544?
-171324
In base 6, what is -41 + 1255030135?
1255030054
In base 12, what is -7 + -27b644?
-27b64b
In base 2, what is 1011110001110110110011111 - -11?
1011110001110110110100010
In base 12, what is 1402b - 14534?
-505
In base 11, what is 3 + 94a878?
94a880
In base 12, what is -17475976 + -4?
-1747597a
In base 12, what is -6b570b + -b?
-6b571a
In base 12, what is 91996 + -182?
91814
In base 14, what is 2b21 + -5a8?
2557
In base 16, what is 73cd48 - 2?
73cd46
In base 3, what is -11120 - -1222022211012?
1222022122122
In base 7, what is 3241 + -233230?
-226656
In base 4, what is -2102031 + 1100300?
-1001131
In base 12, what is -11354 + -146?
-1149a
In base 13, what is -1c72c6 - 70?
-1c7366
In base 7, what is 13034 - -235264?
251331
In base 12, what is 3b - -19a380?
19a3bb
In base 5, what is -3424010 + 31434?
-3342021
In base 12, what is 12 - 2052127?
-2052115
In base 5, what is 40 - -3204400302?
3204400342
In base 9, what is 42552 - 310?
42242
In base 7, what is -426 - 50036010?
-50036436
In base 15, what is -55 - 12475d?
-1247b3
In base 15, what is 3c19a4 - -9?
3c19ad
In base 10, what is -1 + 231635?
231634
In base 10, what is 130300 - 2?
130298
In base 15, what is 2dd802 - -1?
2dd803
In base 2, what is -110101101101110 - -11101011000?
-110010000010110
In base 16, what is -1 - 7c7412e?
-7c7412f
In base 2, what is 100110001111101110101010 - 111011?
100110001111101101101111
In base 13, what is -17631 - 46a?
-17a9b
In base 4, what is -32221 - 2223120133?
-2223213020
In base 15, what is -171 - -51e17?
51c96
In base 10, what is 30933 - 630?
30303
In base 8, what is -7270 - 1232060?
-1241350
In base 4, what is 20220232 - 2023010?
12131222
In base 10, what is 106 - -535?
641
In base 16, what is 21f + 219d4e?
219f6d
In base 4, what is -200 + -1101310023?
-1101310223
In base 5, what is 4410321 + -12014?
4343302
In base 8, what is 2767025 - -32?
2767057
In base 2, what is 110110101111100100 - 10111001010?
110110011000011010
In base 3, what is -12 - 21212022022020?
-21212022022102
In base 3, what is -12 - -102100202220?
102100202201
In base 2, what is 1000100101110111 + -1111011?
1000100011111100
In base 4, what is 101 - -2321030130?
2321030231
In base 12, what is -8 + 9ab4065?
9ab4059
In base 15, what is -1 + 227c7c5?
227c7c4
In base 4, what is -231101003 - -102311?
-230332032
In base 3, what is -1000 + -2210121010?
-2210122010
In base 7, what is -151061 + -50?
-151141
In base 5, what is -113404002 + 221?
-113403231
In base 5, what is 104132201423 - 21?
104132201402
In base 11, what is -5 + -32a0a08?
-32a0a12
In base 12, what is 278620 + -110?
278510
In base 4, what is 230202 - -2102232?
2333100
In base 5, what is 1143223142 + -100?
1143223042
In base 10, what is -4 - -18443322?
18443318
In base 2, what is -1011010010101111101111 + 1011?
-1011010010101111100100
In base 16, what is -2 - 28043c1?
-28043c3
In base 15, what is -912 + -2acc?
-34de
In base 10, what is -32758557 - 0?
-32758557
In base 5, what is -232321 + -301?
-233122
In base 15, what is -2 - 7c6c7ad?
-7c6c7b0
In base 6, what is 1 + -3441435041?
-3441435040
In base 4, what is -112012301 + 122122?
-111230113
In base 8, what is 704307513 + 2?
704307515
In base 15, what is -44270 + -22d?
-4449d
In base 4, what is 21302121 - -